{"id":34,"date":"2025-07-30T14:59:52","date_gmt":"2025-07-30T12:59:52","guid":{"rendered":"https:\/\/adistore.fr\/?post_type=product&#038;p=34"},"modified":"2025-08-13T14:25:43","modified_gmt":"2025-08-13T12:25:43","slug":"fauteuils-de-massage-automatises","status":"publish","type":"product","link":"https:\/\/adistore.fr\/index.php\/produit\/fauteuils-de-massage-automatises\/","title":{"rendered":"Fauteuils de massage automatis\u00e9s"},"content":{"rendered":"<p>Conception intelligente simulant des techniques de massage professionnel pour soulager la fatigue et d\u00e9tendre le corps et l\u2019esprit.<br \/>\nMat\u00e9riaux haut de gamme et design ergonomique pour une exp\u00e9rience utilisateur am\u00e9lior\u00e9e, adapt\u00e9s aux foyers, clubs et divers espaces.<\/p>\n","protected":false},"excerpt":{"rendered":"<p>Conception intelligente simulant des techniques de massage professionnel pour soulager la fatigue et d\u00e9tendre le corps et l\u2019esprit. Mat\u00e9riaux haut&hellip;<\/p>\n","protected":false},"featured_media":128,"comment_status":"open","ping_status":"closed","template":"","meta":[],"product_cat":[19],"product_tag":[],"class_list":["post-34","product","type-product","status-publish","has-post-thumbnail","hentry","product_cat-fauteuils-de-massage"],"yoast_head":"<!-- This site is optimized with the Yoast SEO plugin v19.13 - https:\/\/yoast.com\/wordpress\/plugins\/seo\/ -->\n<title>Fauteuils de massage automatis\u00e9s - ADISHOP<\/title>\n<meta name=\"robots\" content=\"index, follow, max-snippet:-1, max-image-preview:large, max-video-preview:-1\" \/>\n<link rel=\"canonical\" href=\"https:\/\/adistore.fr\/index.php\/produit\/fauteuils-de-massage-automatises\/\" \/>\n<meta property=\"og:locale\" content=\"fr_FR\" \/>\n<meta property=\"og:type\" content=\"article\" \/>\n<meta property=\"og:title\" content=\"Fauteuils de massage automatis\u00e9s - ADISHOP\" \/>\n<meta property=\"og:description\" content=\"Conception intelligente simulant des techniques de massage professionnel pour soulager la fatigue et d\u00e9tendre le corps et l\u2019esprit. Mat\u00e9riaux haut&hellip;\" \/>\n<meta property=\"og:url\" content=\"https:\/\/adistore.fr\/index.php\/produit\/fauteuils-de-massage-automatises\/\" \/>\n<meta property=\"og:site_name\" content=\"ADISHOP\" \/>\n<meta property=\"article:modified_time\" content=\"2025-08-13T12:25:43+00:00\" \/>\n<meta property=\"og:image\" content=\"https:\/\/adistore.fr\/wp-content\/uploads\/2025\/07\/assets_task_01k2hnsfrwfrc9db1cxzgdfy6k_1755087668_img_0.webp\" \/>\n\t<meta property=\"og:image:width\" content=\"1024\" \/>\n\t<meta property=\"og:image:height\" content=\"1024\" \/>\n\t<meta property=\"og:image:type\" content=\"image\/webp\" \/>\n<meta name=\"twitter:card\" content=\"summary_large_image\" \/>\n<script type=\"application\/ld+json\" class=\"yoast-schema-graph\">{\"@context\":\"https:\/\/schema.org\",\"@graph\":[{\"@type\":\"WebPage\",\"@id\":\"https:\/\/adistore.fr\/index.php\/produit\/fauteuils-de-massage-automatises\/\",\"url\":\"https:\/\/adistore.fr\/index.php\/produit\/fauteuils-de-massage-automatises\/\",\"name\":\"Fauteuils de massage automatis\u00e9s - ADISHOP\",\"isPartOf\":{\"@id\":\"https:\/\/adistore.fr\/#website\"},\"datePublished\":\"2025-07-30T12:59:52+00:00\",\"dateModified\":\"2025-08-13T12:25:43+00:00\",\"breadcrumb\":{\"@id\":\"https:\/\/adistore.fr\/index.php\/produit\/fauteuils-de-massage-automatises\/#breadcrumb\"},\"inLanguage\":\"fr-FR\",\"potentialAction\":[{\"@type\":\"ReadAction\",\"target\":[\"https:\/\/adistore.fr\/index.php\/produit\/fauteuils-de-massage-automatises\/\"]}]},{\"@type\":\"BreadcrumbList\",\"@id\":\"https:\/\/adistore.fr\/index.php\/produit\/fauteuils-de-massage-automatises\/#breadcrumb\",\"itemListElement\":[{\"@type\":\"ListItem\",\"position\":1,\"name\":\"Home\",\"item\":\"https:\/\/adistore.fr\/\"},{\"@type\":\"ListItem\",\"position\":2,\"name\":\"Shop\",\"item\":\"https:\/\/adistore.fr\/index.php\/shop\/\"},{\"@type\":\"ListItem\",\"position\":3,\"name\":\"Fauteuils de massage automatis\u00e9s\"}]},{\"@type\":\"WebSite\",\"@id\":\"https:\/\/adistore.fr\/#website\",\"url\":\"https:\/\/adistore.fr\/\",\"name\":\"ADISHOP\",\"description\":\"\",\"potentialAction\":[{\"@type\":\"SearchAction\",\"target\":{\"@type\":\"EntryPoint\",\"urlTemplate\":\"https:\/\/adistore.fr\/?s={search_term_string}\"},\"query-input\":\"required name=search_term_string\"}],\"inLanguage\":\"fr-FR\"}]}<\/script>\n<!-- \/ Yoast SEO plugin. -->","yoast_head_json":{"title":"Fauteuils de massage automatis\u00e9s - ADISHOP","robots":{"index":"index","follow":"follow","max-snippet":"max-snippet:-1","max-image-preview":"max-image-preview:large","max-video-preview":"max-video-preview:-1"},"canonical":"https:\/\/adistore.fr\/index.php\/produit\/fauteuils-de-massage-automatises\/","og_locale":"fr_FR","og_type":"article","og_title":"Fauteuils de massage automatis\u00e9s - ADISHOP","og_description":"Conception intelligente simulant des techniques de massage professionnel pour soulager la fatigue et d\u00e9tendre le corps et l\u2019esprit. Mat\u00e9riaux haut&hellip;","og_url":"https:\/\/adistore.fr\/index.php\/produit\/fauteuils-de-massage-automatises\/","og_site_name":"ADISHOP","article_modified_time":"2025-08-13T12:25:43+00:00","og_image":[{"width":1024,"height":1024,"url":"https:\/\/adistore.fr\/wp-content\/uploads\/2025\/07\/assets_task_01k2hnsfrwfrc9db1cxzgdfy6k_1755087668_img_0.webp","type":"image\/webp"}],"twitter_card":"summary_large_image","schema":{"@context":"https:\/\/schema.org","@graph":[{"@type":"WebPage","@id":"https:\/\/adistore.fr\/index.php\/produit\/fauteuils-de-massage-automatises\/","url":"https:\/\/adistore.fr\/index.php\/produit\/fauteuils-de-massage-automatises\/","name":"Fauteuils de massage automatis\u00e9s - ADISHOP","isPartOf":{"@id":"https:\/\/adistore.fr\/#website"},"datePublished":"2025-07-30T12:59:52+00:00","dateModified":"2025-08-13T12:25:43+00:00","breadcrumb":{"@id":"https:\/\/adistore.fr\/index.php\/produit\/fauteuils-de-massage-automatises\/#breadcrumb"},"inLanguage":"fr-FR","potentialAction":[{"@type":"ReadAction","target":["https:\/\/adistore.fr\/index.php\/produit\/fauteuils-de-massage-automatises\/"]}]},{"@type":"BreadcrumbList","@id":"https:\/\/adistore.fr\/index.php\/produit\/fauteuils-de-massage-automatises\/#breadcrumb","itemListElement":[{"@type":"ListItem","position":1,"name":"Home","item":"https:\/\/adistore.fr\/"},{"@type":"ListItem","position":2,"name":"Shop","item":"https:\/\/adistore.fr\/index.php\/shop\/"},{"@type":"ListItem","position":3,"name":"Fauteuils de massage automatis\u00e9s"}]},{"@type":"WebSite","@id":"https:\/\/adistore.fr\/#website","url":"https:\/\/adistore.fr\/","name":"ADISHOP","description":"","potentialAction":[{"@type":"SearchAction","target":{"@type":"EntryPoint","urlTemplate":"https:\/\/adistore.fr\/?s={search_term_string}"},"query-input":"required name=search_term_string"}],"inLanguage":"fr-FR"}]}},"_links":{"self":[{"href":"https:\/\/adistore.fr\/index.php\/wp-json\/wp\/v2\/product\/34","targetHints":{"allow":["GET"]}}],"collection":[{"href":"https:\/\/adistore.fr\/index.php\/wp-json\/wp\/v2\/product"}],"about":[{"href":"https:\/\/adistore.fr\/index.php\/wp-json\/wp\/v2\/types\/product"}],"replies":[{"embeddable":true,"href":"https:\/\/adistore.fr\/index.php\/wp-json\/wp\/v2\/comments?post=34"}],"wp:featuredmedia":[{"embeddable":true,"href":"https:\/\/adistore.fr\/index.php\/wp-json\/wp\/v2\/media\/128"}],"wp:attachment":[{"href":"https:\/\/adistore.fr\/index.php\/wp-json\/wp\/v2\/media?parent=34"}],"wp:term":[{"taxonomy":"product_cat","embeddable":true,"href":"https:\/\/adistore.fr\/index.php\/wp-json\/wp\/v2\/product_cat?post=34"},{"taxonomy":"product_tag","embeddable":true,"href":"https:\/\/adistore.fr\/index.php\/wp-json\/wp\/v2\/product_tag?post=34"}],"curies":[{"name":"wp","href":"https:\/\/api.w.org\/{rel}","templated":true}]}}